 Calculate the greatest common divisor of k and f.
7
Let w = -19154 + 19197. What is the greatest common divisor of 25757 and w?
43
Suppose 0 = u - 3*u + 10. Suppose u*s + 25 = 3*d, 3*d - 9 = -4*s + s. What is the highest common divisor of d and 40?
5
Let j = 8 - 6. Let v be ((-138)/8)/(((-105)/56)/5). Suppose 3*m - j*u - v = 0, -5*u + 3 - 19 = -2*m. Calculate the greatest common divisor of 27 and m.
9
Suppose 0 = -14*c + 2*c + 264. Let a = -539 - -715. Calculate the greatest common divisor of c and a.
22
Let j be (-2)/3*(-3497 - -2). Suppose -24*y + 1366 + j = 0. Calculate the highest common divisor of 22 and y.
22
Let f be -11 - (-226 + 2)/4. Calculate the greatest common factor of f and 4320.
45
Let o(i) = i**2 + 3*i - 252. Let k be o(-20). Let l = -43 - -99. Calculate the greatest common factor of k and l.
8
Let u be (-2)/18 + ((-16142)/(-126) - -2). Suppose 140 = 6*t - u. Calculate the highest common factor of 315 and t.
45
Suppose -1 = -f, 3*v - 1318 = -2*f + 16. Let s be (-3 + ((-62)/620)/(2/(-48)))*-20. Calculate the greatest common factor of s and v.
12
Let d = -3387 - -3691. Suppose -5*y = 4*f - 68, 0 = 5*y + 4*f + f - 65. What is the highest common divisor of y and d?
16
Let f be -1*2 + -14*2. Let m = 1560 - 1590. Let r be -81*(f/50 + 2/m). What is the highest common divisor of 18 and r?
18
Let l(c) = 9*c**2 + 5*c - 16. Let a be l(5). Let w = -308 + 334. Calculate the highest common divisor of a and w.
26
Suppose -8*t + 170 = -6486. Calculate the greatest common factor of 20 and t.
4
Suppose 0 = 1219*b + 299*b + 1527 - 7599. Suppose 4*u - 3*u - 2 = 0. Calculate the greatest common divisor of u and b.
2
Suppose 15*i = 3970 + 4550. Calculate the highest common factor of 160 and i.
8
Suppose 0 = -3*o - 4*s + 791 + 1233, -2*s - 2030 = -3*o. What is the highest common divisor of o and 4?
4
Let a(q) = 644*q - 2600. Let v be a(9). Calculate the greatest common factor of v and 136.
68
Let u(f) = 6*f**2 + 215*f - 884. Let s be u(4). What is the highest common divisor of s and 13992?
24
Suppose -5*f - 140 = 5*l, -2*f = -3*l - 85 - 24. Let n = 41 + l. Let m = 59 + -47. What is the greatest common divisor of m and n?
4
Let y = 189 + -185. Suppose -2*h + y*h - 4*d = 232, 0 = -3*h + d + 328. What is the highest common factor of h and 81?
27
Suppose -62*z + 30043 + 61469 = 0. Calculate the greatest common factor of z and 8.
4
Let s = 34 + -52. Let p be 20*40/45 + (-4)/s. Calculate the highest common factor of 63 and p.
9
Let a = 38 - 33. Suppose -a*p + 11 = -59. Suppose -4 = -2*k + 4*v + 32, -5*k = -2*v - 74. What is the greatest common factor of p and k?
14
Let r(o) = o**2 - 8*o - 2. Let n be r(10). Suppose 8*v - 6*v + 8 = 0, 0 = 4*d + 3*v + 1796. Let b = d + 458. Calculate the highest common divisor of n and b.
6
Let h = 927 + 2284. Calculate the highest common divisor of 169 and h.
169
Let u = 36 - 0. Let q = -120 + 440. Let k = 374 - q. Calculate the greatest common factor of k and u.
18
Let v = 26 - 18. Let l be ((-6)/(-4))/((-21)/1036). Let t = l + 82. What is the highest common factor of v and t?
8
Let n(j) = -j**3 - 9*j - 15. Let m be n(-3). Suppose 2*x + 3*k - 183 = 0, -m*x + 37*x - 5*k = -181. Calculate the highest common divisor of x and 155.
31
Suppose -4*i + 172 = -116. Let a be 26*(63/(-6) - -5 - -5). Let m be (-165 + 156)/(a/12 - -1). What is the greatest common divisor of i and m?
36
Let b(v) = -165*v + 708. Let w be b(4). What is the greatest common divisor of w and 1536?
48
Suppose -1 = 2*g - 13. Suppose -3*f = -g, 134 = r + 2*f - 54. Let x = -114 + r. What is the greatest common factor of 42 and x?
14
Suppose 24 = -26*r + 180. Let l(f) = -8*f - 5*f**2 + 6 + 2*f**2 + 4*f**2. Let v be l(9). What is the greatest common factor of v and r?
3
Suppose -19*g + 4934 = -6*g + 3218. Calculate the greatest common factor of g and 99.
33
Let a(o) = 218*o**2 - 291*o - 2240. Let p be a(-8). Calculate the highest common factor of 208 and p.
104
Let j be -3*2/9*-3. Suppose -14 = j*g - 32. Let p = 290 - 289. What is the highest common factor of g and p?
1
Suppose 3956 = 2*s + 3*m, 10*s = 9*s + 4*m + 2000. Calculate the highest common factor of 128 and s.
64
Let p be (-174)/(-45) - 14/(-105). Let z be (-11)/(-4) + (17/4 - p). What is the greatest common factor of z and 9?
3
Let d(v) = v**3 + 7*v**2 + 12*v + 38. Let u be d(-6). Suppose 0 = 3*i + u*j - 470, -36 = 4*j - 16. Calculate the highest common factor of 30 and i.
10
Let t be (-2)/6*(-24)/(-40) + 171/5. Calculate the highest common factor of t and 1853.
17
Suppose -3*f = 2*j - 6*j + 37, 80 = 5*j + 3*f. Let o be (60/10 - 1)*(-2)/(-5). Calculate the greatest common divisor of j and o.
1
Suppose 0 = 4*g - 16, 39*z - 36*z - g - 3335 = 0. What is the greatest common factor of 42 and z?
21
Suppose 0 = -n + 11*n - 160. What is the greatest common divisor of 10 and n?
2
Suppose -66 = -25*p + 19*p. Suppose 0*r - 4*r - 208 = -5*o, -46 = -o + 3*r. Suppose o - 29 = s. Calculate the highest common divisor of p and s.
11
Let y be (-5 - 110/(-5))/((-82)/(-1640)). Let o(c) = 21*c**2 - 1. Let d be o(1). Calculate the highest common factor of y and d.
20
Let l be (-190)/1*(-37 - -35). Suppose 0*g + 5*g = l. What is the highest common factor of g and 133?
19
Let n be ((-24880)/5)/(-8) + 0 + 5. Calculate the highest common factor of 114 and n.
57
Let z(t) = t**3 + 61*t**2 - 198*t + 402. Let m be z(-64). Calculate the greatest common divisor of 1 and m.
1
Let a(v) = 19*v**2 + 36*v + 86. Let d be a(-3). Calculate the highest common divisor of 3 and d.
1
Suppose 4*n = 16*n. Suppose -3*d + 9 = n, 11*r + 5*d = 9*r + 51. What is the highest common factor of 162 and r?
18
Let x be (2 + -22)/60*-267. What is the greatest common divisor of 32307 and x?
89
Let f(w) = 90*w - 621. Let i be f(9). Calculate the highest common divisor of i and 162.
27
Suppose 3*t + x - 1784 = 0, x - 596 = 305*t - 306*t. What is the highest common divisor of 44 and t?
22
Let z = -4472 + 4637. Calculate the highest common factor of z and 759.
33
Let y be (32/(-18) - -2) + (-820092)/702. Let n = y - -1178. Suppose u + 6*z - 2*z - 3 = 0, 0 = -u - 2*z + 9. What is the highest common divisor of n and u?
5
Let j be (10/(-3))/((-1)/9). Suppose 0 = -13*h + 24*h - 1133. Let v = 148 - h. Calculate the greatest common factor of j and v.
15
Let w(l) = 2*l**3 - 2*l**2 + 11*l + 62. Let d be w(-5). Let n = d + 303. What is the greatest common factor of 70 and n?
10
Let p = 2 + -2. Suppose 1324 = 43*h - 22*h - 1763. Suppose p = -5*k + 20, 3*o + 3*k - h = 0. Calculate the greatest common factor of 15 and o.
15
Suppose 18056 = 4*y - 3*m, 2*y - 9028 = -204*m + 200*m. What is the highest common divisor of y and 122?
122
Suppose 3*q = -2*q + 400. Let p = 18811 - 18779. Calculate the greatest common divisor of p and q.
16
Suppose -d = 4*p + 2 - 13, -2*p + 3 = 3*d. Let k be ((-28)/(-12) + -1)*p. What is the greatest common divisor of k and 68?
4
Suppose 3*v = 4*w - 326, -5*v = 44*w - 47*w + 250. Calculate the greatest common divisor of w and 500.
20
Let m be (7764/24)/(2/28). Let d be m/28 + (-2)/(-8) + 0. Calculate the greatest common divisor of 36 and d.
18
Let b(n) = 4*n + 4. Let u be b(-7). Let h = -55 + u. Let p = -52 - h. What is the greatest common divisor of 243 and p?
27
Suppose -53*q = -32*q - 20*q - 8. Calculate the highest common factor of 1312 and q.
8
Let n = 19434 - 13626. What is the highest common divisor of n and 22?
22
Suppose 8 - 38 = 6*j. Let n(x) = -29*x - 47. Let z be n(j). Let v = 40 - 26. What is the highest common factor of v and z?
14
Let n(x) = x**3 - 7*x**2 + 7*x - 3. Let l be n(6). Suppose 6*j - 92 = 2*j - u, -u = l*j - 68. Calculate the greatest common divisor of j and 24.
24
Suppose -21*g - 25*g = 6*g - 3952. What is the highest common divisor of 7828 and g?
76
Suppose 1638*c = 1695*c - 679668. Calculate the highest common factor of 44 and c.
44
Suppose 2 = -4*c + 62. Suppose 19*t - 24*t + c = 0. What is the highest common divisor of 24 and t?
3
Let y(r) = -r**3 + 7*r**2 + 22*r - 34. Let j be y(8). Calculate the highest common factor of j and 2678.
26
Suppose -2*h + 116 = 3*y, -h + 77 = 70. What is the greatest common factor of y and 15946?
34
Let g(c) = 27*c**3. Let i be g(1). Let w = 89 - 87. Suppose -5*y + 99 = 3*k, -y = -w*y - 